{"id":477,"date":"2024-12-12T13:15:47","date_gmt":"2024-12-12T12:15:47","guid":{"rendered":"https:\/\/investigacion.6tems.es\/?page_id=477"},"modified":"2024-12-13T09:11:07","modified_gmt":"2024-12-13T08:11:07","slug":"contratacion-de-personal-con-cargo-a-proyectos","status":"publish","type":"page","link":"https:\/\/investigacion.6tems.es\/inicio\/contratacion-de-personal-con-cargo-a-proyectos\/","title":{"rendered":"Contrataci\u00f3n de personal con cargo a proyectos gestionados por FGUCM"},"content":{"rendered":"","protected":false},"excerpt":{"rendered":"","protected":false},"author":4,"featured_media":0,"parent":5,"menu_order":0,"comment_status":"closed","ping_status":"closed","template":"page-templates\/pagina-flexible.php","meta":{"_acf_changed":false,"footnotes":""},"class_list":["post-477","page","type-page","status-publish","hentry"],"acf":[],"yoast_head":"<!-- This site is optimized with the Yoast SEO plugin v24.3 - https:\/\/yoast.com\/wordpress\/plugins\/seo\/ -->\n<title>Contrataci\u00f3n de personal con cargo a proyectos gestionados por FGUCM - Gesti\u00f3n Econ\u00f3mica de la Investigaci\u00f3n<\/title>\n<meta name=\"robots\" content=\"noindex, follow, max-snippet:-1, max-image-preview:large, max-video-preview:-1\" \/>\n<meta property=\"og:locale\" content=\"es_ES\" \/>\n<meta property=\"og:type\" content=\"article\" \/>\n<meta property=\"og:title\" content=\"Contrataci\u00f3n de personal con cargo a proyectos gestionados por FGUCM - Gesti\u00f3n Econ\u00f3mica de la Investigaci\u00f3n\" \/>\n<meta property=\"og:url\" content=\"https:\/\/investigacion.6tems.es\/inicio\/contratacion-de-personal-con-cargo-a-proyectos\/\" \/>\n<meta property=\"og:site_name\" content=\"Gesti\u00f3n Econ\u00f3mica de la Investigaci\u00f3n\" \/>\n<meta property=\"article:modified_time\" content=\"2024-12-13T08:11:07+00:00\" \/>\n<meta name=\"twitter:card\" content=\"summary_large_image\" \/>\n<script type=\"application\/ld+json\" class=\"yoast-schema-graph\">{\"@context\":\"https:\/\/schema.org\",\"@graph\":[{\"@type\":\"WebPage\",\"@id\":\"https:\/\/investigacion.6tems.es\/inicio\/contratacion-de-personal-con-cargo-a-proyectos\/\",\"url\":\"https:\/\/investigacion.6tems.es\/inicio\/contratacion-de-personal-con-cargo-a-proyectos\/\",\"name\":\"Contrataci\u00f3n de personal con cargo a proyectos gestionados por FGUCM - Gesti\u00f3n Econ\u00f3mica de la Investigaci\u00f3n\",\"isPartOf\":{\"@id\":\"https:\/\/investigacion.6tems.es\/es\/#website\"},\"datePublished\":\"2024-12-12T12:15:47+00:00\",\"dateModified\":\"2024-12-13T08:11:07+00:00\",\"breadcrumb\":{\"@id\":\"https:\/\/investigacion.6tems.es\/inicio\/contratacion-de-personal-con-cargo-a-proyectos\/#breadcrumb\"},\"inLanguage\":\"es\",\"potentialAction\":[{\"@type\":\"ReadAction\",\"target\":[\"https:\/\/investigacion.6tems.es\/inicio\/contratacion-de-personal-con-cargo-a-proyectos\/\"]}]},{\"@type\":\"BreadcrumbList\",\"@id\":\"https:\/\/investigacion.6tems.es\/inicio\/contratacion-de-personal-con-cargo-a-proyectos\/#breadcrumb\",\"itemListElement\":[{\"@type\":\"ListItem\",\"position\":1,\"name\":\"Portada\",\"item\":\"https:\/\/investigacion.6tems.es\/\"},{\"@type\":\"ListItem\",\"position\":2,\"name\":\"Inicio\",\"item\":\"https:\/\/investigacion.6tems.es\/\"},{\"@type\":\"ListItem\",\"position\":3,\"name\":\"Contrataci\u00f3n de personal con cargo a proyectos gestionados por FGUCM\"}]},{\"@type\":\"WebSite\",\"@id\":\"https:\/\/investigacion.6tems.es\/es\/#website\",\"url\":\"https:\/\/investigacion.6tems.es\/es\/\",\"name\":\"Gesti\u00f3n Econ\u00f3mica de la Investigaci\u00f3n\",\"description\":\"\",\"potentialAction\":[{\"@type\":\"SearchAction\",\"target\":{\"@type\":\"EntryPoint\",\"urlTemplate\":\"https:\/\/investigacion.6tems.es\/es\/?s={search_term_string}\"},\"query-input\":{\"@type\":\"PropertyValueSpecification\",\"valueRequired\":true,\"valueName\":\"search_term_string\"}}],\"inLanguage\":\"es\"}]}<\/script>\n<!-- \/ Yoast SEO plugin. -->","yoast_head_json":{"title":"Contrataci\u00f3n de personal con cargo a proyectos gestionados por FGUCM - Gesti\u00f3n Econ\u00f3mica de la Investigaci\u00f3n","robots":{"index":"noindex","follow":"follow","max-snippet":"max-snippet:-1","max-image-preview":"max-image-preview:large","max-video-preview":"max-video-preview:-1"},"og_locale":"es_ES","og_type":"article","og_title":"Contrataci\u00f3n de personal con cargo a proyectos gestionados por FGUCM - Gesti\u00f3n Econ\u00f3mica de la Investigaci\u00f3n","og_url":"https:\/\/investigacion.6tems.es\/inicio\/contratacion-de-personal-con-cargo-a-proyectos\/","og_site_name":"Gesti\u00f3n Econ\u00f3mica de la Investigaci\u00f3n","article_modified_time":"2024-12-13T08:11:07+00:00","twitter_card":"summary_large_image","schema":{"@context":"https:\/\/schema.org","@graph":[{"@type":"WebPage","@id":"https:\/\/investigacion.6tems.es\/inicio\/contratacion-de-personal-con-cargo-a-proyectos\/","url":"https:\/\/investigacion.6tems.es\/inicio\/contratacion-de-personal-con-cargo-a-proyectos\/","name":"Contrataci\u00f3n de personal con cargo a proyectos gestionados por FGUCM - Gesti\u00f3n Econ\u00f3mica de la Investigaci\u00f3n","isPartOf":{"@id":"https:\/\/investigacion.6tems.es\/es\/#website"},"datePublished":"2024-12-12T12:15:47+00:00","dateModified":"2024-12-13T08:11:07+00:00","breadcrumb":{"@id":"https:\/\/investigacion.6tems.es\/inicio\/contratacion-de-personal-con-cargo-a-proyectos\/#breadcrumb"},"inLanguage":"es","potentialAction":[{"@type":"ReadAction","target":["https:\/\/investigacion.6tems.es\/inicio\/contratacion-de-personal-con-cargo-a-proyectos\/"]}]},{"@type":"BreadcrumbList","@id":"https:\/\/investigacion.6tems.es\/inicio\/contratacion-de-personal-con-cargo-a-proyectos\/#breadcrumb","itemListElement":[{"@type":"ListItem","position":1,"name":"Portada","item":"https:\/\/investigacion.6tems.es\/"},{"@type":"ListItem","position":2,"name":"Inicio","item":"https:\/\/investigacion.6tems.es\/"},{"@type":"ListItem","position":3,"name":"Contrataci\u00f3n de personal con cargo a proyectos gestionados por FGUCM"}]},{"@type":"WebSite","@id":"https:\/\/investigacion.6tems.es\/es\/#website","url":"https:\/\/investigacion.6tems.es\/es\/","name":"Gesti\u00f3n Econ\u00f3mica de la Investigaci\u00f3n","description":"","potentialAction":[{"@type":"SearchAction","target":{"@type":"EntryPoint","urlTemplate":"https:\/\/investigacion.6tems.es\/es\/?s={search_term_string}"},"query-input":{"@type":"PropertyValueSpecification","valueRequired":true,"valueName":"search_term_string"}}],"inLanguage":"es"}]}},"_links":{"self":[{"href":"https:\/\/investigacion.6tems.es\/es\/wp-json\/wp\/v2\/pages\/477","targetHints":{"allow":["GET"]}}],"collection":[{"href":"https:\/\/investigacion.6tems.es\/es\/wp-json\/wp\/v2\/pages"}],"about":[{"href":"https:\/\/investigacion.6tems.es\/es\/wp-json\/wp\/v2\/types\/page"}],"author":[{"embeddable":true,"href":"https:\/\/investigacion.6tems.es\/es\/wp-json\/wp\/v2\/users\/4"}],"replies":[{"embeddable":true,"href":"https:\/\/investigacion.6tems.es\/es\/wp-json\/wp\/v2\/comments?post=477"}],"version-history":[{"count":13,"href":"https:\/\/investigacion.6tems.es\/es\/wp-json\/wp\/v2\/pages\/477\/revisions"}],"predecessor-version":[{"id":493,"href":"https:\/\/investigacion.6tems.es\/es\/wp-json\/wp\/v2\/pages\/477\/revisions\/493"}],"up":[{"embeddable":true,"href":"https:\/\/investigacion.6tems.es\/es\/wp-json\/wp\/v2\/pages\/5"}],"wp:attachment":[{"href":"https:\/\/investigacion.6tems.es\/es\/wp-json\/wp\/v2\/media?parent=477"}],"curies":[{"name":"wp","href":"https:\/\/api.w.org\/{rel}","templated":true}]}}

Contratación de personal con cargo a proyectos gestionados por FGUCM

<!-- This site is optimized with the Yoast SEO plugin v24.3 - https://yoast.com/wordpress/plugins/seo/ -->
<title>Contratación de personal con cargo a proyectos gestionados por FGUCM - Gestión Económica de la Investigación</title>
<meta name="robots" content="noindex, follow, max-snippet:-1, max-image-preview:large, max-video-preview:-1" />
<meta property="og:locale" content="es_ES" />
<meta property="og:type" content="article" />
<meta property="og:title" content="Contratación de personal con cargo a proyectos gestionados por FGUCM - Gestión Económica de la Investigación" />
<meta property="og:url" content="https://investigacion.6tems.es/inicio/contratacion-de-personal-con-cargo-a-proyectos/" />
<meta property="og:site_name" content="Gestión Económica de la Investigación" />
<meta property="article:modified_time" content="2024-12-13T08:11:07+00:00" />
<meta name="twitter:card" content="summary_large_image" />
<script type="application/ld+json" class="yoast-schema-graph">{"@context":"https://schema.org","@graph":[{"@type":"WebPage","@id":"https://investigacion.6tems.es/inicio/contratacion-de-personal-con-cargo-a-proyectos/","url":"https://investigacion.6tems.es/inicio/contratacion-de-personal-con-cargo-a-proyectos/","name":"Contratación de personal con cargo a proyectos gestionados por FGUCM - Gestión Económica de la Investigación","isPartOf":{"@id":"https://investigacion.6tems.es/es/#website"},"datePublished":"2024-12-12T12:15:47+00:00","dateModified":"2024-12-13T08:11:07+00:00","breadcrumb":{"@id":"https://investigacion.6tems.es/inicio/contratacion-de-personal-con-cargo-a-proyectos/#breadcrumb"},"inLanguage":"es","potentialAction":[{"@type":"ReadAction","target":["https://investigacion.6tems.es/inicio/contratacion-de-personal-con-cargo-a-proyectos/"]}]},{"@type":"BreadcrumbList","@id":"https://investigacion.6tems.es/inicio/contratacion-de-personal-con-cargo-a-proyectos/#breadcrumb","itemListElement":[{"@type":"ListItem","position":1,"name":"Portada","item":"https://investigacion.6tems.es/"},{"@type":"ListItem","position":2,"name":"Inicio","item":"https://investigacion.6tems.es/"},{"@type":"ListItem","position":3,"name":"Contratación de personal con cargo a proyectos gestionados por FGUCM"}]},{"@type":"WebSite","@id":"https://investigacion.6tems.es/es/#website","url":"https://investigacion.6tems.es/es/","name":"Gestión Económica de la Investigación","description":"","potentialAction":[{"@type":"SearchAction","target":{"@type":"EntryPoint","urlTemplate":"https://investigacion.6tems.es/es/?s={search_term_string}"},"query-input":{"@type":"PropertyValueSpecification","valueRequired":true,"valueName":"search_term_string"}}],"inLanguage":"es"}]}</script>
<!-- / Yoast SEO plugin. -->

Contratación de personal con cargo a proyectos gestionados por FGUCM - Gestión Económica de la Investigación

Gestión Económica de la Investigación
